
Does 20 divide 65881?
False
Is 438 a multiple of 5?
False
Is 11200 a multiple of 8?
True
Does 38 divide 3506?
False
Does 9 divide 25860?
False
Is 227 a multiple of 48?
False
Is 80 a factor of 743?
False
Is 68 a factor of 3631?
False
Is 7 a factor of 126?
True
Is 78 a factor of 897?
False
Is 4371 a multiple of 95?
False
Is 4122 a multiple of 9?
True
Is 80 a factor of 7331?
False
Is 675 a multiple of 8?
False
Is 18690 a multiple of 17?
False
Is 1806 a multiple of 43?
True
Is 6136 a multiple of 59?
True
Is 9 a factor of 56772?
True
Does 22 divide 760?
False
Is 153 a multiple of 17?
True
Is 38 a factor of 1055?
False
Does 26 divide 127?
False
Is 1416 a multiple of 11?
False
Is 42 a factor of 11676?
True
Is 52 a factor of 8320?
True
Does 45 divide 362?
False
Is 2 a factor of 719?
False
Does 43 divide 47409?
False
Is 35990 a multiple of 13?
False
Is 126 a factor of 8946?
True
Does 100 divide 3060?
False
Is 16 a factor of 9664?
True
Is 15168 a multiple of 64?
True
Is 804 a multiple of 20?
False
Is 29 a factor of 52722?
True
Is 368 a multiple of 2?
True
Does 23 divide 103224?
True
Is 73 a factor of 13797?
True
Is 69344 a multiple of 16?
True
Is 11402 a multiple of 13?
False
Is 3275 a multiple of 25?
True
Is 6263 a multiple of 9?
False
Is 1440 a multiple of 15?
True
Is 36 a factor of 828?
True
Is 86519 a multiple of 12?
False
Is 11 a factor of 2362?
False
Is 99 a multiple of 3?
True
Is 63 a factor of 19634?
False
Is 180 a factor of 52740?
True
Is 27 a factor of 1026?
True
Is 20 a factor of 67?
False
Is 93 a multiple of 93?
True
Is 583 a multiple of 53?
True
Is 2650 a multiple of 14?
False
Does 11 divide 6391?
True
Is 19 a factor of 6530?
False
Is 2 a factor of 71?
False
Is 14 a factor of 1776?
False
Does 6 divide 666?
True
Does 72 divide 1382?
False
Does 86 divide 172?
True
Is 1439 a multiple of 8?
False
Is 4697 a multiple of 94?
False
Is 18 a factor of 990?
True
Is 8 a factor of 18?
False
Is 78 a factor of 18154?
False
Is 5 a factor of 140?
True
Is 452 a multiple of 4?
True
Is 7569 a multiple of 87?
True
Is 4075 a multiple of 13?
False
Does 2 divide 124?
True
Does 14 divide 329?
False
Is 18 a factor of 11124?
True
Is 54 a multiple of 6?
True
Does 2 divide 385?
False
Does 95 divide 26220?
True
Does 7 divide 3545?
False
Is 51400 a multiple of 20?
True
Is 69 a multiple of 23?
True
Is 3589 a multiple of 29?
False
Does 16 divide 1040?
True
Is 27 a factor of 7236?
True
Is 142 a multiple of 4?
False
Does 22 divide 1148?
False
Does 28 divide 3505?
False
Is 14 a factor of 172?
False
Is 11 a factor of 89094?
False
Is 844 even?
True
Is 3 a factor of 131?
False
Is 7560 a multiple of 105?
True
Is 4845 a multiple of 89?
False
Is 3221 a multiple of 12?
False
Does 33 divide 5436?
False
Is 1408 a multiple of 22?
True
Does 79 divide 4503?
True
Is 15 a factor of 1710?
True
Is 2790 a multiple of 10?
True
Is 828 a multiple of 69?
True
Is 81 a factor of 681?
False
Does 6 divide 10061?
False
Is 17904 a multiple of 24?
True
Is 57 a factor of 2280?
True
Is 6527 a multiple of 61?
True
Is 60 a factor of 9840?
True
Does 168 divide 87420?
False
Is 14 a factor of 140?
True
Does 85 divide 24237?
False
Does 57 divide 80486?
False
Does 42 divide 378?
True
Does 69 divide 9945?
False
Does 7 divide 14204?
False
Is 1130 a multiple of 5?
True
Is 17 a factor of 5321?
True
Does 47 divide 423?
True
Does 56 divide 4576?
False
Is 18 a factor of 1242?
True
Is 15 a factor of 7177?
False
Does 98 divide 2116?
False
Is 6608 a multiple of 16?
True
Is 210 a factor of 17220?
True
Is 47 a factor of 3901?
True
Is 163 a factor of 48124?
False
Does 74 divide 5583?
False
Is 7700 a multiple of 35?
True
Does 78 divide 1248?
True
Is 115 a factor of 7130?
True
Does 5 divide 375?
True
Is 18 a factor of 126?
True
Does 32 divide 7488?
True
Is 1980 a multiple of 55?
True
Is 3822 a multiple of 98?
True
Is 3470 a multiple of 14?
False
Does 35 divide 48125?
True
Does 4 divide 497?
False
Is 128 a factor of 35872?
False
Is 16 a factor of 384?
True
Is 25 a factor of 6925?
True
Is 1027 a multiple of 10?
False
Is 12 a factor of 768?
True
Is 21573 a multiple of 27?
True
Is 62 a factor of 620?
True
Is 37 a factor of 3626?
True
Is 5 a factor of 410?
True
Is 2252 a multiple of 14?
False
Does 196 divide 30604?
False
Is 2803 a multiple of 23?
False
Is 8 a factor of 2859?
False
Is 24 a factor of 944?
False
Is 8 a factor of 1408?
True
Is 8 a factor of 658?
False
Is 11 a factor of 985?
False
Does 22 divide 759?
False
Does 18 divide 2844?
True
Is 55503 a multiple of 39?
False
Is 26279 a multiple of 19?
False
Does 17 divide 306?
True
Is 9 a factor of 189?
True
Is 960 a multiple of 24?
True
Is 46099 a multiple of 22?
False
Is 518 a multiple of 7?
True
Is 8 a factor of 2584?
True
Is 4 a factor of 512?
True
Is 54 a factor of 10098?
True
Is 240 a factor of 72278?
False
Does 3 divide 170?
False
Is 127 a factor of 24368?
False
Does 133 divide 4921?
True
Is 74 a factor of 10360?
True
Is 10800 a multiple of 30?
True
Is 8884 a multiple of 30?
False
Is 11160 a multiple of 155?
True
Is 30600 a multiple of 12?
True
Is 5 a factor of 253?
False
Is 38 a factor of 532?
True
Is 82343 a multiple of 67?
True
Is 11 a factor of 2827?
True
Is 1429 a multiple of 202?
False
Is 7902 a multiple of 6?
True
Is 14060 a multiple of 148?
True
Is 17 a factor of 3417?
True
Is 16926 a multiple of 26?
True
Is 2535 a multiple of 80?
False
Is 121 a factor of 16150?
False
Is 33288 a multiple of 60?
False
Is 167 a multiple of 20?
False
Is 42 a multiple of 6?
True
Is 22147 a multiple of 21?
False
Is 71 a factor of 231?
False
Does 19 divide 646?
True
Is 16 a factor of 866?
False
Is 106 a factor of 6148?
True
Is 8 a factor of 1178?
False
Is 4251 a multiple of 20?
False
Is 16 a factor of 6841?
False
Does 30 divide 1650?
True
Is 14 a factor of 58688?
True
Does 18 divide 214?
False
Is 188 a factor of 3242?
False
Does 5 divide 110?
True
Is 104 a factor of 165464?
True
Is 6 a factor of 48?
True
Does 96 divide 1310?
False
Is 8280 a multiple of 24?
True
Is 6035 even?
False
Is 1161 a multiple of 36?
False
Is 11220 a multiple of 34?
True
Is 1816 a multiple of 60?
False
Is 25 a factor of 2639?
False
Does 20 divide 2426?
False
Is 352 a multiple of 8?
True
Does 175 divide 17675?
True
Is 3531 a multiple of 21?
False
Is 136 a multiple of 3?
False
Is 913 a multiple of 20?
False
Is 2322 a multiple of 25?
False
Does 11 divide 11369?
False
Is 233 even?
False
Is 15 a multiple of 15?
True
Does 11 divide 3124?
True
Does 97 divide 24546?
False
Is 13 a factor of 321?
False
Is 3628 a multiple of 19?
False
Does 74 divide 1258?
True
Does 22 divide 4460?
False
Does 33 divide 1195?
False
Is 16 a factor of 30096?
True
Is 27 a factor of 274?
False
Does 15 divide 4320?
True
Is 604 a multiple of 6?
False
Does 42 divide 39144?
True
Is 7 a factor of 8417?
False
Is 1452 a multiple of 66?
True
Is 480 a multiple of 12?
True
Is 14 a factor of 46922?
False
Does 3 divide 1597?
False
Is 540 a multiple of 27?
True
Is 8 a factor of 116?
False
Is 1247 a multiple of 29?
True
Is 13 a factor of 7839?
True
Does 16 divide 503?
False
Is 51 a factor of 5253?
True
Does 15 divide 1095?
True
Does 148 divide 2220?
True
Does 17 divide 2686?
True
Is 30 a factor of 1274?
False
Is 31 a factor of 16273?
False
Is 12689 a multiple of 14?
False
Is 3266 a multiple of 23?
True
Is 12 a factor of 718?
False
Is 11 a factor of 3047?
True
Is 26768 a multiple of 28?
True
Is 8 a factor of 88?
True
Is 2565 a multiple of 27?
True
Is 6466 a multiple of 18?
False
Is 29322 a multiple of 9?
True
Is 12 a factor of 126794?
False
Is 42 a factor of 1932?
True
Is 13 a factor of 3811?
False
Is 6045 a multiple of 65?
True
Is 10 a factor of 374?
False
Is 16 a factor of 3233?
False
Is 102 even?
True
Is 5532 a multiple of 15?
False
Is 19850 a multiple of 10?
True
Does 12 divide 684?
True
Is 29773 a multiple of 19?
True
Does 22 divide 3256?
True
Is 15 a factor of 735?
True
Is 58 a factor of 638?
True
Is 2 a factor of 812?
True
Is 12 a factor of 18744?
True
Is 11 a factor of 66?
True
Does 15 divide 161?
False
Does 3 divide 1047?
True
Does 5 divide 73?
False
Is 924 a multiple of 4?
True
Is 59 a factor of 236?
True
Does 240 divide 4278?
False
Does 100 divide 1624?
False
Does 24 divide 840?
True
Is 16 a factor of 34202?
False
Does 24 divide 48?
True
Is 21612 